659?
5516659
What are the prime factors of 3569248?
2, 111539
What are the prime factors of 531490?
2, 5, 53149
List the prime factors of 612215.
5, 122443
What are the prime factors of 378226?
2, 281, 673
List the prime factors of 2035894.
2, 7, 31, 4691
List the prime factors of 2569527.
3, 73, 3911
What are the prime factors of 381203?
103, 3701
List the prime factors of 41320.
2, 5, 1033
What are the prime factors of 2948166?
2, 3, 13, 43, 293
What are the prime factors of 660258?
2, 3, 12227
What are the prime factors of 9022?
2, 13, 347
What are the prime factors of 129074?
2, 11, 5867
What are the prime factors of 132626?
2, 13, 5101
List the prime factors of 4532990.
2, 5, 7, 11, 29
What are the prime factors of 194264?
2, 7, 3469
What are the prime factors of 1658817?
3, 149, 1237
What are the prime factors of 6110449?
107, 57107
What are the prime factors of 1504048?
2, 7, 13, 1033
What are the prime factors of 357186?
2, 3, 59, 1009
What are the prime factors of 509378?
2, 43, 5923
List the prime factors of 229362.
2, 3, 7, 43, 127
List the prime factors of 7883744.
2, 11, 22397
List the prime factors of 962445.
3, 5, 11, 19, 307
What are the prime factors of 4167549?
3, 53, 8737
List the prime factors of 235233.
3, 59, 443
List the prime factors of 4430909.
7, 632987
What are the prime factors of 607102?
2, 303551
What are the prime factors of 976816?
2, 61051
What are the prime factors of 397505?
5, 107, 743
What are the prime factors of 16435658?
2, 73, 112573
List the prime factors of 50961.
3, 16987
What are the prime factors of 1868870?
2, 5, 37, 5051
What are the prime factors of 9801900?
2, 3, 5, 10891
What are the prime factors of 6427889?
13, 383, 1291
List the prime factors of 3316633.
43, 137, 563
List the prime factors of 100792.
2, 43, 293
List the prime factors of 4552217.
29, 79, 1987
List the prime factors of 1189166.
2, 11, 191, 283
What are the prime factors of 18054470?
2, 5, 7, 257921
What are the prime factors of 3575?
5, 11, 13
List the prime factors of 872985.
3, 5, 58199
List the prime factors of 1926722.
2, 7, 137623
List the prime factors of 3255670.
2, 5, 11, 17, 1741
What are the prime factors of 11592468?
2, 3, 322013
What are the prime factors of 17042930?
2, 5, 191, 8923
List the prime factors of 74458.
2, 59, 631
What are the prime factors of 2276512?
2, 7, 10163
What are the prime factors of 396493?
53, 7481
List the prime factors of 10329378.
2, 3, 47, 36629
List the prime factors of 1187228.
2, 7, 109, 389
List the prime factors of 964522.
2, 13, 37097
What are the prime factors of 321391?
7, 937
What are the prime factors of 454743?
3, 50527
List the prime factors of 5969815.
5, 1193963
List the prime factors of 1852970.
2, 5, 7, 103, 257
List the prime factors of 780896.
2, 23, 1061
What are the prime factors of 1745969?
1745969
List the prime factors of 267019.
17, 113, 139
List the prime factors of 4242624.
2, 3, 19, 1163
List the prime factors of 236462.
2, 137, 863
What are the prime factors of 17673802?
2, 907, 9743
List the prime factors of 3406226.
2, 1703113
List the prime factors of 132076.
2, 7, 53, 89
List the prime factors of 410440.
2, 5, 31, 331
What are the prime factors of 554938?
2, 83, 3343
List the prime factors of 17127834.
2, 3, 47, 60737
What are the prime factors of 5538223?
5538223
List the prime factors of 8690036.
2, 97, 22397
What are the prime factors of 712074?
2, 3, 11, 10789
List the prime factors of 225759.
3, 75253
List the prime factors of 611107.
7, 67, 1303
List the prime factors of 211294.
2, 29, 3643
What are the prime factors of 14740260?
2, 3, 5, 245671
What are the prime factors of 888359?
888359
What are the prime factors of 3262513?
743, 4391
What are the prime factors of 2195594?
2, 1097797
List the prime factors of 9641029.
9641029
What are the prime factors of 559013?
7, 13, 6143
What are the prime factors of 730134?
2, 3, 4507
List the prime factors of 97675.
5, 3907
What are the prime factors of 234034?
2, 117017
What are the prime factors of 7458100?
2, 5, 13, 5737
List the prime factors of 1689329.
193, 8753
What are the prime factors of 3153171?
3, 7, 150151
List the prime factors of 5663638.
2, 31, 167, 547
What are the prime factors of 2335897?
1297, 1801
List the prime factors of 4589974.
2, 2294987
List the prime factors of 1420726.
2, 37, 73, 263
List the prime factors of 380754.
2, 3, 11, 641
List the prime factors of 249331.
167, 1493
List the prime factors of 2664863.
181, 14723
List the prime factors of 484381.
17, 28493
What are the prime factors of 15184783?
2689, 5647
What are the prime factors of 1755779?
47, 37357
What are the prime factors of 6632545?
5, 643, 2063
What are the prime factors of 1199091?
3, 151, 2647
What are the prime factors of 25877771?
25877771
List the prime factors of 1634550.
2, 3, 5, 17, 641
What are the prime factors of 2158975?
5, 7, 13, 73
What are the prime factors of 1025611?
1025611
List the prime factors of 142753.
13, 79, 139
List the prime factors of 200220.
2, 3, 5, 47, 71
What are the prime factors of 2221992?
2, 3, 127
What are the prime factors of 4639898?
2, 97, 23917
List the prime factors of 19118843.
19118843
What are the prime factors of 5274978?
2, 3, 41, 523
List the prime factors of 669972.
2, 3, 31, 1801
List the prime factors of 723483.
3, 80387
List the prime factors of 1278363.
3, 23, 97, 191
What are the prime factors of 300117?
3, 71, 1409
What are the prime factors of 2362381?
7, 349, 967
What are the prime factors of 18484685?
5, 1381, 2677
What are the prime factors of 343846?
2, 171923
List the prime factors of 204824.
2, 25603
List the prime factors of 208788.
2, 3, 127, 137
What are the prime factors of 1511161?
29, 107, 487
What are the prime factors of 101102?
2, 50551
List the prime factors of 2245081.
1181, 1901
List the prime factors of 1131667.
29, 39023
What are the prime factors of 222206?
2, 111103
List the prime factors of 1693545.
3, 5, 7, 127
List the prime factors of 2676222.
2, 3, 157, 947
What are the prime factors of 3609916?
2, 17, 53087
List the prime factors of 3645419.
3645419
What are the prime factors of 768178?
2, 384089
What are the prime factors of 7692950?
2, 5, 53, 2903
What are the prime factors of 6460?
2, 5, 17, 19
List the prime factors of 1154489.
7, 23561
What are the prime factors of 1993432?
2, 7, 35597
What are the prime factors of 222826?
2, 43, 2591
List the prime factors of 2467598.
2, 7, 43, 4099
List the prime factors of 209266.
2, 19, 5507
What are the prime factors of 3467215?
5, 19, 36497
List the prime factors of 847006.
2, 423503
What are the prime factors of 41991241?
17, 61, 40493
List the prime factors of 358832.
2, 41, 547
List the prime factors of 891474.
2, 3, 148579
List the prime factors of 27784.
2, 23, 151
What are the prime factors of 347116?
2, 7, 11, 23
What are the prime factors of 4234863?
3, 1411621
What are the prime factors of 5081546?
2, 47, 54059
What are the prime factors of 17280910?
2, 5, 1728091
What are the prime factors of 1970837?
11, 179167
What are the prime factors of 4585872?
2, 3, 95539
List the prime factors of 1633269.
3, 11, 43, 1151
List the prime factors of 149728.
2, 4679
What are the prime factors of 13059509?
1459, 8951
List the prime factors of 2506805.
5, 7, 67, 1069
List the prime factors of 1078361.
17, 229, 277
List the prime factors of 269719.
269719
List the prime factors of 639133.
11, 97, 599
List the prime factors of 580033.
580033
What are the prime factors of 315464?
2, 47, 839
What are the prime factors of 50063?
13, 3851
What are the prime factors of 484536?
2, 3, 13, 1553
List the prime factors of 260780.
2, 5, 13, 17, 59
List the prime factors of 1576580.
2, 5, 17, 4637
What are the prime factors of 128240?
2, 5, 7, 229
What are the prime factors of 418133?
19, 59, 373
What are the prime factors of 2014344?
2, 3, 101, 277
What are the prime factors of 1001955?
3, 5, 66797
List the prime factors of 205277.
131, 1567
What are the prime factors of 5621348?
2, 109, 12893
List the prime factors of 6121149.
3, 107, 19069
List the prime factors of 130408.
2, 16301
List the prime factors of 1942688.
2, 11, 5519
What are the prime factors of 1524287?
1524287
List the prime factor